 310 + 202311?
203221
In base 15, what is 1 + -2a42?
-2a41
In base 2, what is -11100001111111100 - -111?
-11100001111110101
In base 16, what is 0 - 4f7c?
-4f7c
In base 9, what is -6 - -25506?
25500
In base 16, what is -414a5 - 7?
-414ac
In base 8, what is 0 - -4053474?
4053474
In base 8, what is 1533 + -4?
1527
In base 5, what is -134 + 300403?
300214
In base 9, what is -71022 - -3?
-71018
In base 3, what is -2221 + -1022220?
-1102211
In base 2, what is -11 + 111000001101000110111?
111000001101000110100
In base 3, what is 12121 - -210122110?
210212001
In base 2, what is -1010 - -10011101110011011?
10011101110010001
In base 13, what is 5a + 2c7?
354
In base 5, what is -44144 + -1421?
-101120
In base 9, what is -7705 - 2?
-7707
In base 13, what is 962 + 0?
962
In base 5, what is 10413022 - -3?
10413030
In base 5, what is 202342 - 133?
202204
In base 2, what is 10110011001 - -11111?
10110111000
In base 12, what is -11692 - 4?
-11696
In base 6, what is -24 - -300541?
300513
In base 13, what is -11585 - 40?
-115c5
In base 3, what is 2001110221 - 10?
2001110211
In base 3, what is 1 - -222002111?
222002112
In base 6, what is -121223 + 0?
-121223
In base 8, what is -11540 + -13?
-11553
In base 6, what is 0 + 42355?
42355
In base 15, what is -1bd21 - a?
-1bd2b
In base 11, what is -3 + 9814?
9811
In base 6, what is 15450 - 3?
15443
In base 2, what is -101000101000111 - -1001?
-101000100111110
In base 13, what is -1 + 57b52?
57b51
In base 3, what is -21 + -10010211?
-10011002
In base 10, what is -52754 + 15?
-52739
In base 14, what is -8c53 + -4d?
-8ca2
In base 14, what is 3a880 + 1?
3a881
In base 2, what is 0 + -10000010110110?
-10000010110110
In base 15, what is ced - -8?
d06
In base 13, what is 2718 - 1?
2717
In base 9, what is 3 - 55570?
-55566
In base 12, what is 4 - 6614?
-6610
In base 12, what is -367 + -24a?
-5b5
In base 14, what is -358d3 - 5?
-358d8
In base 11, what is 235 - -180?
405
In base 12, what is -7b34 - -9?
-7b27
In base 7, what is -5 - 200440?
-200445
In base 5, what is 1 + -341213132?
-341213131
In base 11, what is 57777 - 1?
57776
In base 12, what is 5 - 945?
-940
In base 16, what is -4a7 + -95?
-53c
In base 6, what is -140113235 - -5?
-140113230
In base 10, what is -30 - 218929?
-218959
In base 3, what is 1 + -210010222200?
-210010222122
In base 13, what is 2 + -136bc?
-136ba
In base 4, what is 3133121131 - 3?
3133121122
In base 16, what is -965 - -13?
-952
In base 7, what is 55 - -125?
213
In base 11, what is -6 - -7716?
7710
In base 13, what is -5 - 628b?
-6293
In base 6, what is -1304351 + 1?
-1304350
In base 15, what is 16bb + 111?
17cc
In base 8, what is 5 + 22660?
22665
In base 3, what is -12120002202 + 10?
-12120002122
In base 2, what is 110111100010110001000 - -10?
110111100010110001010
In base 3, what is -1 - 1122202222120?
-1122202222121
In base 6, what is -5 + -14311221?
-14311230
In base 13, what is 3 + 35a02?
35a05
In base 14, what is -131 - 2d4?
-425
In base 5, what is 4 - 34141142?
-34141133
In base 2, what is -10 + -1010110001001?
-1010110001011
In base 4, what is -11112221 - 13?
-11112300
In base 14, what is -4a93 - 1?
-4a94
In base 4, what is -2 - 123221103?
-123221111
In base 3, what is 211 - 122001210?
-122000222
In base 3, what is 2202221220 - 102?
2202221111
In base 10, what is -96 - -194?
98
In base 6, what is 24200 + 51?
24251
In base 13, what is 5 + 55576?
5557b
In base 16, what is -f + -2f53?
-2f62
In base 11, what is 48a2 - 6?
4897
In base 3, what is 0 - 11121112221?
-11121112221
In base 16, what is -d0d - -1?
-d0c
In base 5, what is 1424124 - 2?
1424122
In base 15, what is -2a + -189e?
-18c9
In base 10, what is 1092 - 18?
1074
In base 10, what is 88 + 945?
1033
In base 16, what is 3cae9 + 3?
3caec
In base 10, what is 6 + -24036?
-24030
In base 12, what is -3a5 - -342?
-63
In base 15, what is 3 + 70eb?
70ee
In base 9, what is 0 + -3554?
-3554
In base 16, what is 1 + 5288a?
5288b
In base 14, what is 28a3 + -ab?
27d6
In base 3, what is 100011000221 + 22?
100011001020
In base 7, what is -1615345 + -4?
-1615352
In base 13, what is 142 + -81a?
-6a8
In base 2, what is -10 - 1101100100?
-1101100110
In base 2, what is -10000011010 - 10010100011?
-100010111101
In base 11, what is -1a7 + -9132?
-9329
In base 5, what is -33210221 + 4?
-33210212
In base 8, what is 10245 - -17?
10264
In base 8, what is 407 + 565?
1174
In base 16, what is 4 - -fdff?
fe03
In base 10, what is 72 + -1795?
-1723
In base 11, what is -6 + -443681?
-443687
In base 7, what is -1042 + 162?
-550
In base 2, what is -101 - 100000010101111000001?
-100000010101111000110
In base 15, what is -3 + abd3?
abd0
In base 11, what is -89 - 1a625?
-1a703
In base 14, what is 4362b - 3?
43628
In base 5, what is -2003311 - 403?
-2004214
In base 8, what is -5 - -537020?
537013
In base 6, what is -3044 - -444?
-2200
In base 8, what is 56 + 104?
162
In base 12, what is -3 - 509?
-510
In base 12, what is 28 - 4b91?
-4b65
In base 6, what is 2 - -4550544?
4550550
In base 7, what is 33000326 - -3?
33000332
In base 7, what is 1045 - 22?
1023
In base 11, what is 0 - -565988?
565988
In base 8, what is 73 - 1336?
-1243
In base 2, what is 111001 - 10001111111?
-10001000110
In base 8, what is 0 - 200532?
-200532
In base 8, what is 2614421 - 3?
2614416
In base 10, what is 21 + -81648?
-81627
In base 14, what is 49 + b1a?
b65
In base 8, what is -20 - -223446?
223426
In base 7, what is -163 - 126?
-322
In base 12, what is -1 + 10270?
1026b
In base 11, what is 3668 - 8?
3660
In base 7, what is 262364 + -121?
262243
In base 14, what is 20a5 + 3?
20a8
In base 13, what is -29c - -706?
437
In base 10, what is 79 - -94?
173
In base 13, what is 212 + 1178?
138a
In base 10, what is -5400 - 233?
-5633
In base 6, what is -1054254 + 3?
-1054251
In base 10, what is -716 - 2779?
-3495
In base 13, what is 2459 + -32b?
212b
In base 10, what is -570 + 83?
-487
In base 15, what is -20 - -ee6?
ec6
In base 6, what is 210040 - 1015?
205021
In base 7, what is 0 - 2550230?
-2550230
In base 15, what is -175 - -9ce?
859
In base 5, what is -111 - 14221?
-14332
In base 12, what is 31639 + 14?
31651
In base 14, what is 492c5 + -3?
492c2
In base 6, what is 4 - 230023?
-230015
In base 6, what is -5 + -10032450?
-10032455
In base 4, what is -131031332 + -2?
-131032000
In base 6, what is 1533531 - -2?
1533533
In base 11, what is 2520 - 1?
251a
In base 16, what is -dac6 - -3?
-dac3
In base 4, what is 1112302 - 13?
1112223
In base 8, what is 5351 - -3?
5354
In base 15, what is 1 + -e2eb?
-e2ea
In base 10, what is 532 - 3091?
-2559
In base 3, what is -20012 + 20120?
101
In base 16, what is -1482 - 1?
-1483
In base 2, what is -11101 + 1000111101?
1000100000
In base 11, what is 2 + -6303?
-6301
In base 16, what is -f438 - -4?
-f434
In base 3, what is -12100 - -1100010?
1010210
In base 14, what is -243d4 + -1?
-243d5
In base 6, what is -4 - -4533012?
4533004
In base 15, what is -3140 - 32?
-3172
In base 4, what is 2002 + -2023?
-21
In base 8, what is 2452 - -477?
3151
In base 12, what is -5 + -2686?
-268b
In base 3, what is 12201 - -220021?
1002222
In base 4, what is -2021 - 10120?
-12201
In base 6, what is -3 + -1251343?
-1251350
In base 10, what is 0 + 14590?
14590
In base 15, what is 1d + -2632?
-2614
In base 10, what is 5 + -1410156?
-1410151
In base 6, what is 21 + 332?
353
In base 3, what is 12 - -112112121?
112112210
In base 11, what is -4 - 722a?
-7233
In base 5, what is -2 - -23300340?
23300333
In base 5, what is -10324 + -22242?
-33121
In base 16, what is 688 - f6?
592
In base 7, what is 4 - 4005352?
-4005345
In base 4, what is 23302030 - -11?
23302101
In base 15, what is 9 + -317?
-30d
In base 10, what is 476 - 10502?
-10026
In base 14, what is 151 + 1248?
1399
In base 4, what is 30 - -30312030?
30312120
In base 6, what is -14205 + -15?
-14224
In base 13, what is -7b5419 - -5?
-7b5414
In base 3, what is -22101012 - 0?
-22101012
In base 8, what is 6174 - 33?
6141
In base 14, what is -40b4 - -4a?
-4068
In base 4, what is 31230 + 1210?
33100
In base 9, what is 5 - -183308?
183314
In base 10, what is -4064539 + 1?
-4064538
In base 3, what is -102111002 + 20?
-102110212
In base 13, what is -2b7798 - -3?
-2b7795
In base 7, what is 2213065 - 2?
2213063
In base 3, what is 10 - 210210100?
-210210020
In base